{"id":2550,"date":"2023-06-01T13:45:37","date_gmt":"2023-06-01T13:45:37","guid":{"rendered":"https:\/\/vfk.qmatch.pl\/afk-wordpress\/?page_id=2550"},"modified":"2024-01-12T16:50:45","modified_gmt":"2024-01-12T15:50:45","slug":"kontakt","status":"publish","type":"page","link":"https:\/\/systemypremiowe.pl\/index.php\/kontakt\/","title":{"rendered":"Kontakt"},"content":{"rendered":"\t\t<div data-elementor-type=\"wp-page\" data-elementor-id=\"2550\" class=\"elementor elementor-2550\">\n\t\t\t\t\t\t\t\t\t<section class=\"elementor-section elementor-top-section elementor-element elementor-element-1f90d6c elementor-section-boxed elementor-section-height-default elementor-section-height-default\" data-id=\"1f90d6c\" data-element_type=\"section\">\n\t\t\t\t\t\t<div class=\"elementor-container elementor-column-gap-default\">\n\t\t\t\t\t<div class=\"elementor-column elementor-col-100 elementor-top-column elementor-element elementor-element-4563c423\" data-id=\"4563c423\" data-element_type=\"column\">\n\t\t\t<div class=\"elementor-widget-wrap elementor-element-populated\">\n\t\t\t\t\t\t\t\t<div class=\"elementor-element elementor-element-42d1890d elementor-widget elementor-widget-heading\" data-id=\"42d1890d\" data-element_type=\"widget\" data-widget_type=\"heading.default\">\n\t\t\t\t<div class=\"elementor-widget-container\">\n\t\t\t<style>\/*! elementor - v3.18.0 - 20-12-2023 *\/\n.elementor-heading-title{padding:0;margin:0;line-height:1}.elementor-widget-heading .elementor-heading-title[class*=elementor-size-]>a{color:inherit;font-size:inherit;line-height:inherit}.elementor-widget-heading .elementor-heading-title.elementor-size-small{font-size:15px}.elementor-widget-heading .elementor-heading-title.elementor-size-medium{font-size:19px}.elementor-widget-heading .elementor-heading-title.elementor-size-large{font-size:29px}.elementor-widget-heading .elementor-heading-title.elementor-size-xl{font-size:39px}.elementor-widget-heading .elementor-heading-title.elementor-size-xxl{font-size:59px}<\/style><h3 class=\"elementor-heading-title elementor-size-small\">Napisz do nas<\/h3>\t\t<\/div>\n\t\t\t\t<\/div>\n\t\t\t\t<div class=\"elementor-element elementor-element-46ae978a elementor-hidden-tablet elementor-hidden-mobile elementor-widget-divider--view-line elementor-widget elementor-widget-divider\" data-id=\"46ae978a\" data-element_type=\"widget\" data-widget_type=\"divider.default\">\n\t\t\t\t<div class=\"elementor-widget-container\">\n\t\t\t<style>\/*! elementor - v3.18.0 - 20-12-2023 *\/\n.elementor-widget-divider{--divider-border-style:none;--divider-border-width:1px;--divider-color:#0c0d0e;--divider-icon-size:20px;--divider-element-spacing:10px;--divider-pattern-height:24px;--divider-pattern-size:20px;--divider-pattern-url:none;--divider-pattern-repeat:repeat-x}.elementor-widget-divider .elementor-divider{display:flex}.elementor-widget-divider .elementor-divider__text{font-size:15px;line-height:1;max-width:95%}.elementor-widget-divider .elementor-divider__element{margin:0 var(--divider-element-spacing);flex-shrink:0}.elementor-widget-divider .elementor-icon{font-size:var(--divider-icon-size)}.elementor-widget-divider .elementor-divider-separator{display:flex;margin:0;direction:ltr}.elementor-widget-divider--view-line_icon .elementor-divider-separator,.elementor-widget-divider--view-line_text .elementor-divider-separator{align-items:center}.elementor-widget-divider--view-line_icon .elementor-divider-separator:after,.elementor-widget-divider--view-line_icon .elementor-divider-separator:before,.elementor-widget-divider--view-line_text .elementor-divider-separator:after,.elementor-widget-divider--view-line_text .elementor-divider-separator:before{display:block;content:\"\";border-bottom:0;flex-grow:1;border-top:var(--divider-border-width) var(--divider-border-style) var(--divider-color)}.elementor-widget-divider--element-align-left .elementor-divider .elementor-divider-separator>.elementor-divider__svg:first-of-type{flex-grow:0;flex-shrink:100}.elementor-widget-divider--element-align-left .elementor-divider-separator:before{content:none}.elementor-widget-divider--element-align-left .elementor-divider__element{margin-left:0}.elementor-widget-divider--element-align-right .elementor-divider .elementor-divider-separator>.elementor-divider__svg:last-of-type{flex-grow:0;flex-shrink:100}.elementor-widget-divider--element-align-right .elementor-divider-separator:after{content:none}.elementor-widget-divider--element-align-right .elementor-divider__element{margin-right:0}.elementor-widget-divider:not(.elementor-widget-divider--view-line_text):not(.elementor-widget-divider--view-line_icon) .elementor-divider-separator{border-top:var(--divider-border-width) var(--divider-border-style) var(--divider-color)}.elementor-widget-divider--separator-type-pattern{--divider-border-style:none}.elementor-widget-divider--separator-type-pattern.elementor-widget-divider--view-line .elementor-divider-separator,.elementor-widget-divider--separator-type-pattern:not(.elementor-widget-divider--view-line) .elementor-divider-separator:after,.elementor-widget-divider--separator-type-pattern:not(.elementor-widget-divider--view-line) .elementor-divider-separator:before,.elementor-widget-divider--separator-type-pattern:not([class*=elementor-widget-divider--view]) .elementor-divider-separator{width:100%;min-height:var(--divider-pattern-height);-webkit-mask-size:var(--divider-pattern-size) 100%;mask-size:var(--divider-pattern-size) 100%;-webkit-mask-repeat:var(--divider-pattern-repeat);mask-repeat:var(--divider-pattern-repeat);background-color:var(--divider-color);-webkit-mask-image:var(--divider-pattern-url);mask-image:var(--divider-pattern-url)}.elementor-widget-divider--no-spacing{--divider-pattern-size:auto}.elementor-widget-divider--bg-round{--divider-pattern-repeat:round}.rtl .elementor-widget-divider .elementor-divider__text{direction:rtl}.e-con-inner>.elementor-widget-divider,.e-con>.elementor-widget-divider{width:var(--container-widget-width,100%);--flex-grow:var(--container-widget-flex-grow)}<\/style>\t\t<div class=\"elementor-divider\">\n\t\t\t<span class=\"elementor-divider-separator\">\n\t\t\t\t\t\t<\/span>\n\t\t<\/div>\n\t\t\t\t<\/div>\n\t\t\t\t<\/div>\n\t\t\t\t<div class=\"elementor-element elementor-element-7c641adf elementor-widget elementor-widget-text-editor\" data-id=\"7c641adf\" data-element_type=\"widget\" data-widget_type=\"text-editor.default\">\n\t\t\t\t<div class=\"elementor-widget-container\">\n\t\t\t<style>\/*! elementor - v3.18.0 - 20-12-2023 *\/\n.elementor-widget-text-editor.elementor-drop-cap-view-stacked .elementor-drop-cap{background-color:#69727d;color:#fff}.elementor-widget-text-editor.elementor-drop-cap-view-framed .elementor-drop-cap{color:#69727d;border:3px solid;background-color:transparent}.elementor-widget-text-editor:not(.elementor-drop-cap-view-default) .elementor-drop-cap{margin-top:8px}.elementor-widget-text-editor:not(.elementor-drop-cap-view-default) .elementor-drop-cap-letter{width:1em;height:1em}.elementor-widget-text-editor .elementor-drop-cap{float:left;text-align:center;line-height:1;font-size:50px}.elementor-widget-text-editor .elementor-drop-cap-letter{display:inline-block}<\/style>\t\t\t\t<p>Aby skontaktowa\u0107 si\u0119 z nami, prosz\u0119 u\u017cy\u0107 formularza kontaktowego poni\u017cej lub wys\u0142a\u0107 wiadomo\u015b\u0107 na adres: <a href=\"mailto:hello@qmatch.pl\">hello@qmatch.pl\u00a0<\/a><\/p><p>Nasz zesp\u00f3\u0142 stara si\u0119 odpowiada\u0107 na wiadomo\u015bci jeszcze tego samego dnia! Jeste\u015bmy cz\u0119\u015bci\u0105 grupy <a href=\"http:\/\/qmatch.pl\">Qmatch Consulting<\/a> obecnej na naszym rynku od kilku lat i zrealizowali\u015bmy wiele projekt\u00f3w wdro\u017ce\u0144 system\u00f3w premiowych i prowizyjnych.\u00a0<\/p>\t\t\t\t\t\t<\/div>\n\t\t\t\t<\/div>\n\t\t\t\t<div class=\"elementor-element elementor-element-bca8519 elementor-widget elementor-widget-shortcode\" data-id=\"bca8519\" data-element_type=\"widget\" data-widget_type=\"shortcode.default\">\n\t\t\t\t<div class=\"elementor-widget-container\">\n\t\t\t\t\t<div class=\"elementor-shortcode\"><div class=\"forminator-ui forminator-custom-form forminator-custom-form-4703 forminator-design--flat  forminator_ajax\" data-forminator-render=\"0\" data-form=\"forminator-module-4703\" data-uid=\"69e15bb98da85\"><br\/><\/div><form\n\t\t\t\tid=\"forminator-module-4703\"\n\t\t\t\tclass=\"forminator-ui forminator-custom-form forminator-custom-form-4703 forminator-design--flat  forminator_ajax\"\n\t\t\t\tmethod=\"post\"\n\t\t\t\tdata-forminator-render=\"0\"\n\t\t\t\tdata-form-id=\"4703\"\n\t\t\t\t\n\t\t\t\tdata-design=\"flat\"\n\t\t\t\t\n\t\t\t\t\n\t\t\t\t\n\t\t\t\tdata-grid=\"open\"\n\t\t\t\t\n\t\t\t\t\n\t\t\t\tstyle=\"display: none;\"\n\t\t\t\t\n\t\t\t\tdata-uid=\"69e15bb98da85\"\n\t\t\t><div role=\"alert\" aria-live=\"polite\" class=\"forminator-response-message forminator-error\" aria-hidden=\"true\"><\/div><div class=\"forminator-row\"><div id=\"name-1\" class=\"forminator-field-name forminator-col forminator-col-12 \"><div class=\"forminator-field\"><label for=\"forminator-field-name-1_69e15bb98da85\" class=\"forminator-label\" id=\"forminator-field-name-1_69e15bb98da85-label\">Imi\u0119 i nazwisko <span class=\"forminator-required\">*<\/span><\/label><input type=\"text\" name=\"name-1\" value=\"\" placeholder=\"\" id=\"forminator-field-name-1_69e15bb98da85\" class=\"forminator-input forminator-name--field\" aria-required=\"true\" \/><\/div><\/div><\/div><div class=\"forminator-row\"><div id=\"email-1\" class=\"forminator-field-email forminator-col forminator-col-6 \"><div class=\"forminator-field\"><label for=\"forminator-field-email-1_69e15bb98da85\" class=\"forminator-label\" id=\"forminator-field-email-1_69e15bb98da85-label\">Adres e-mail <span class=\"forminator-required\">*<\/span><\/label><input type=\"email\" name=\"email-1\" value=\"\" placeholder=\"\" id=\"forminator-field-email-1_69e15bb98da85\" class=\"forminator-input forminator-email--field\" data-required=\"true\" aria-required=\"true\" \/><\/div><\/div><div id=\"phone-1\" class=\"forminator-field-phone forminator-col forminator-col-6 \"><div class=\"forminator-field\"><label for=\"forminator-field-phone-1_69e15bb98da85\" class=\"forminator-label\" id=\"forminator-field-phone-1_69e15bb98da85-label\">Numer telefonu<\/label><input type=\"text\" name=\"phone-1\" value=\"\" placeholder=\"\" id=\"forminator-field-phone-1_69e15bb98da85\" class=\"forminator-input forminator-field--phone\" data-required=\"\" aria-required=\"false\" autocomplete=\"off\" \/><\/div><\/div><\/div><div class=\"forminator-row\"><div id=\"textarea-1\" class=\"forminator-field-textarea forminator-col forminator-col-12 \"><div class=\"forminator-field\"><label for=\"forminator-field-textarea-1_69e15bb98da85\" id=\"forminator-field-textarea-1_69e15bb98da85-label\" class=\"forminator-label\">Wiadomo\u015b\u0107<\/label><textarea name=\"textarea-1\" placeholder=\"Wpisz swoj\u0105 wiadomo\u015b\u0107...\" id=\"forminator-field-textarea-1_69e15bb98da85\" class=\"forminator-textarea\" rows=\"6\" style=\"min-height:140px;\" maxlength=\"180\" ><\/textarea><span id=\"forminator-field-textarea-1_69e15bb98da85-description\" class=\"forminator-description\"><span data-limit=\"180\" data-type=\"characters\">0 \/ 180<\/span><\/span><\/div><\/div><\/div><div class=\"forminator-row\"><div id=\"consent-1\" class=\"forminator-field-consent forminator-col forminator-col-12 \"><div class=\"forminator-field\"><label for=\"forminator-field-consent-1_69e15bb98da85\" class=\"forminator-label\">Consent <span class=\"forminator-required\">*<\/span><\/label><div class=\"forminator-checkbox__wrapper\"><label for=\"forminator-field-consent-1_69e15bb98da85\" id=\"forminator-field-consent-1_69e15bb98da85__label\" class=\"forminator-checkbox forminator-consent\" style=\"margin: 0;\"><input type=\"checkbox\" name=\"consent-1\" id=\"forminator-field-consent-1_69e15bb98da85\" value=\"checked\" aria-labelledby=\"forminator-field-consent-1_69e15bb98da85-label\" aria-describedby=\"forminator-field-consent-1_69e15bb98da85__description\" data-required=\"true\" aria-required=\"true\" \/><span class=\"forminator-checkbox-box\" aria-hidden=\"true\"><\/span><\/label><div id=\"forminator-field-consent-1_69e15bb98da85__description\" class=\"forminator-checkbox__label forminator-consent__label\"><p>Wyra\u017cam zgod\u0119 na wys\u0142anie moich danych w celu przetworzenia zapytania. Akceptuj\u0119 fakt, i\u017c podanie danych jest dobrowolne, oraz \u017ce przys\u0142uguje mi prawo do dost\u0119pu do swoich danych, mo\u017cliwo\u015bci ich poprawienia, \u017c\u0105dania zaprzestania ich przetwarzania. Twoje dane przetwarzane b\u0119d\u0105 przez Qmatch Consulting Sp. z o.o. ul. \u015awieradowska 47, 02-662 Warszawa, NIP:5214022869, kt\u00f3ra b\u0119dzie przetwarza\u0107 Twoje dane wy\u0142\u0105cznie w celu przeprocesowania Twojego zapytania i odpowiedzi na wszystkie nurtuj\u0105ce Ci\u0119 pytania dotycz\u0105ce naszej dzia\u0142alno\u015bci. This site is protected by reCAPTCHA and the Google Privacy Policy and Terms of Service apply.<\/p><\/div><\/div><\/div><\/div><\/div><div class=\"forminator-row\"><div id=\"captcha-1\" class=\"forminator-field-captcha forminator-col forminator-col-12 \"><div class=\"forminator-g-recaptcha recaptcha-invisible\" data-theme=\"light\" data-badge=\"bottomright\" data-sitekey=\"6LdB9U4pAAAAAFW3RLOFW4_ncQOzxm23B6DPB_4h\" data-size=\"invisible\"><\/div> <\/div><\/div><input type=\"hidden\" name=\"referer_url\" value=\"\" \/><div class=\"forminator-row forminator-row-last\"><div class=\"forminator-col\"><div class=\"forminator-field\"><button class=\"forminator-button forminator-button-submit\">Wy\u015blij wiadomo\u015b\u0107<\/button><\/div><\/div><\/div><input type=\"hidden\" id=\"forminator_nonce\" name=\"forminator_nonce\" value=\"a604204bc0\" \/><input type=\"hidden\" name=\"_wp_http_referer\" value=\"\/index.php\/wp-json\/wp\/v2\/pages\/2550\" \/><input type=\"hidden\" name=\"form_id\" value=\"4703\"><input type=\"hidden\" name=\"page_id\" value=\"2550\"><input type=\"hidden\" name=\"form_type\" value=\"default\"><input type=\"hidden\" name=\"current_url\" value=\"https:\/\/systemypremiowe.pl\/index.php\/kontakt\/\"><input type=\"hidden\" name=\"render_id\" value=\"0\"><input type=\"hidden\" name=\"action\" value=\"forminator_submit_form_custom-forms\"><\/form><\/div>\n\t\t\t\t<\/div>\n\t\t\t\t<\/div>\n\t\t\t\t\t<\/div>\n\t\t<\/div>\n\t\t\t\t\t\t\t<\/div>\n\t\t<\/section>\n\t\t\t\t\t\t\t<\/div>\n\t\t","protected":false},"excerpt":{"rendered":"<p>Napisz do nas Aby skontaktowa\u0107 si\u0119 z nami, prosz\u0119 u\u017cy\u0107 formularza kontaktowego poni\u017cej lub wys\u0142a\u0107 wiadomo\u015b\u0107 na adres: hello@qmatch.pl\u00a0 Nasz zesp\u00f3\u0142 stara si\u0119 odpowiada\u0107 na wiadomo\u015bci jeszcze tego samego dnia! Jeste\u015bmy cz\u0119\u015bci\u0105 grupy Qmatch Consulting obecnej na naszym rynku od kilku lat i zrealizowali\u015bmy wiele projekt\u00f3w wdro\u017ce\u0144 system\u00f3w premiowych i prowizyjnych.\u00a0<\/p>\n","protected":false},"author":1,"featured_media":0,"parent":0,"menu_order":0,"comment_status":"closed","ping_status":"closed","template":"elementor_header_footer","meta":{"footnotes":""},"class_list":["post-2550","page","type-page","status-publish","hentry"],"yoast_head":"<!-- This site is optimized with the Yoast SEO plugin v21.8 - https:\/\/yoast.com\/wordpress\/plugins\/seo\/ -->\n<title>Kontakt - wyce\u0144 system premiowy<\/title>\n<meta name=\"robots\" content=\"index, follow, max-snippet:-1, max-image-preview:large, max-video-preview:-1\" \/>\n<link rel=\"canonical\" href=\"https:\/\/systemypremiowe.pl\/index.php\/kontakt\/\" \/>\n<meta property=\"og:locale\" content=\"pl_PL\" \/>\n<meta property=\"og:type\" content=\"article\" \/>\n<meta property=\"og:title\" content=\"Kontakt - wyce\u0144 system premiowy\" \/>\n<meta property=\"og:description\" content=\"Napisz do nas Aby skontaktowa\u0107 si\u0119 z nami, prosz\u0119 u\u017cy\u0107 formularza kontaktowego poni\u017cej lub wys\u0142a\u0107 wiadomo\u015b\u0107 na adres: hello@qmatch.pl\u00a0 Nasz zesp\u00f3\u0142 stara si\u0119 odpowiada\u0107 na wiadomo\u015bci jeszcze tego samego dnia! Jeste\u015bmy cz\u0119\u015bci\u0105 grupy Qmatch Consulting obecnej na naszym rynku od kilku lat i zrealizowali\u015bmy wiele projekt\u00f3w wdro\u017ce\u0144 system\u00f3w premiowych i prowizyjnych.\u00a0\" \/>\n<meta property=\"og:url\" content=\"https:\/\/systemypremiowe.pl\/index.php\/kontakt\/\" \/>\n<meta property=\"og:site_name\" content=\"Systemypremiowe.pl\" \/>\n<meta property=\"article:modified_time\" content=\"2024-01-12T15:50:45+00:00\" \/>\n<meta name=\"twitter:card\" content=\"summary_large_image\" \/>\n<meta name=\"twitter:label1\" content=\"Szacowany czas czytania\" \/>\n\t<meta name=\"twitter:data1\" content=\"1 minuta\" \/>\n<script type=\"application\/ld+json\" class=\"yoast-schema-graph\">{\"@context\":\"https:\/\/schema.org\",\"@graph\":[{\"@type\":\"WebPage\",\"@id\":\"https:\/\/systemypremiowe.pl\/index.php\/kontakt\/\",\"url\":\"https:\/\/systemypremiowe.pl\/index.php\/kontakt\/\",\"name\":\"Kontakt - wyce\u0144 system premiowy\",\"isPartOf\":{\"@id\":\"https:\/\/systemypremiowe.pl\/#website\"},\"datePublished\":\"2023-06-01T13:45:37+00:00\",\"dateModified\":\"2024-01-12T15:50:45+00:00\",\"breadcrumb\":{\"@id\":\"https:\/\/systemypremiowe.pl\/index.php\/kontakt\/#breadcrumb\"},\"inLanguage\":\"pl-PL\",\"potentialAction\":[{\"@type\":\"ReadAction\",\"target\":[\"https:\/\/systemypremiowe.pl\/index.php\/kontakt\/\"]}]},{\"@type\":\"BreadcrumbList\",\"@id\":\"https:\/\/systemypremiowe.pl\/index.php\/kontakt\/#breadcrumb\",\"itemListElement\":[{\"@type\":\"ListItem\",\"position\":1,\"name\":\"Strona g\u0142\u00f3wna\",\"item\":\"https:\/\/systemypremiowe.pl\/\"},{\"@type\":\"ListItem\",\"position\":2,\"name\":\"Kontakt\"}]},{\"@type\":\"WebSite\",\"@id\":\"https:\/\/systemypremiowe.pl\/#website\",\"url\":\"https:\/\/systemypremiowe.pl\/\",\"name\":\"Systemypremiowe.pl\",\"description\":\"\",\"publisher\":{\"@id\":\"https:\/\/systemypremiowe.pl\/#organization\"},\"potentialAction\":[{\"@type\":\"SearchAction\",\"target\":{\"@type\":\"EntryPoint\",\"urlTemplate\":\"https:\/\/systemypremiowe.pl\/?s={search_term_string}\"},\"query-input\":\"required name=search_term_string\"}],\"inLanguage\":\"pl-PL\"},{\"@type\":\"Organization\",\"@id\":\"https:\/\/systemypremiowe.pl\/#organization\",\"name\":\"Systemypremiowe.pl\",\"url\":\"https:\/\/systemypremiowe.pl\/\",\"logo\":{\"@type\":\"ImageObject\",\"inLanguage\":\"pl-PL\",\"@id\":\"https:\/\/systemypremiowe.pl\/#\/schema\/logo\/image\/\",\"url\":\"https:\/\/systemypremiowe.pl\/wp-content\/uploads\/2024\/03\/systemyprowizyjne.pl-1.png\",\"contentUrl\":\"https:\/\/systemypremiowe.pl\/wp-content\/uploads\/2024\/03\/systemyprowizyjne.pl-1.png\",\"width\":579,\"height\":151,\"caption\":\"Systemypremiowe.pl\"},\"image\":{\"@id\":\"https:\/\/systemypremiowe.pl\/#\/schema\/logo\/image\/\"}}]}<\/script>\n<!-- \/ Yoast SEO plugin. -->","yoast_head_json":{"title":"Kontakt - wyce\u0144 system premiowy","robots":{"index":"index","follow":"follow","max-snippet":"max-snippet:-1","max-image-preview":"max-image-preview:large","max-video-preview":"max-video-preview:-1"},"canonical":"https:\/\/systemypremiowe.pl\/index.php\/kontakt\/","og_locale":"pl_PL","og_type":"article","og_title":"Kontakt - wyce\u0144 system premiowy","og_description":"Napisz do nas Aby skontaktowa\u0107 si\u0119 z nami, prosz\u0119 u\u017cy\u0107 formularza kontaktowego poni\u017cej lub wys\u0142a\u0107 wiadomo\u015b\u0107 na adres: hello@qmatch.pl\u00a0 Nasz zesp\u00f3\u0142 stara si\u0119 odpowiada\u0107 na wiadomo\u015bci jeszcze tego samego dnia! Jeste\u015bmy cz\u0119\u015bci\u0105 grupy Qmatch Consulting obecnej na naszym rynku od kilku lat i zrealizowali\u015bmy wiele projekt\u00f3w wdro\u017ce\u0144 system\u00f3w premiowych i prowizyjnych.\u00a0","og_url":"https:\/\/systemypremiowe.pl\/index.php\/kontakt\/","og_site_name":"Systemypremiowe.pl","article_modified_time":"2024-01-12T15:50:45+00:00","twitter_card":"summary_large_image","twitter_misc":{"Szacowany czas czytania":"1 minuta"},"schema":{"@context":"https:\/\/schema.org","@graph":[{"@type":"WebPage","@id":"https:\/\/systemypremiowe.pl\/index.php\/kontakt\/","url":"https:\/\/systemypremiowe.pl\/index.php\/kontakt\/","name":"Kontakt - wyce\u0144 system premiowy","isPartOf":{"@id":"https:\/\/systemypremiowe.pl\/#website"},"datePublished":"2023-06-01T13:45:37+00:00","dateModified":"2024-01-12T15:50:45+00:00","breadcrumb":{"@id":"https:\/\/systemypremiowe.pl\/index.php\/kontakt\/#breadcrumb"},"inLanguage":"pl-PL","potentialAction":[{"@type":"ReadAction","target":["https:\/\/systemypremiowe.pl\/index.php\/kontakt\/"]}]},{"@type":"BreadcrumbList","@id":"https:\/\/systemypremiowe.pl\/index.php\/kontakt\/#breadcrumb","itemListElement":[{"@type":"ListItem","position":1,"name":"Strona g\u0142\u00f3wna","item":"https:\/\/systemypremiowe.pl\/"},{"@type":"ListItem","position":2,"name":"Kontakt"}]},{"@type":"WebSite","@id":"https:\/\/systemypremiowe.pl\/#website","url":"https:\/\/systemypremiowe.pl\/","name":"Systemypremiowe.pl","description":"","publisher":{"@id":"https:\/\/systemypremiowe.pl\/#organization"},"potentialAction":[{"@type":"SearchAction","target":{"@type":"EntryPoint","urlTemplate":"https:\/\/systemypremiowe.pl\/?s={search_term_string}"},"query-input":"required name=search_term_string"}],"inLanguage":"pl-PL"},{"@type":"Organization","@id":"https:\/\/systemypremiowe.pl\/#organization","name":"Systemypremiowe.pl","url":"https:\/\/systemypremiowe.pl\/","logo":{"@type":"ImageObject","inLanguage":"pl-PL","@id":"https:\/\/systemypremiowe.pl\/#\/schema\/logo\/image\/","url":"https:\/\/systemypremiowe.pl\/wp-content\/uploads\/2024\/03\/systemyprowizyjne.pl-1.png","contentUrl":"https:\/\/systemypremiowe.pl\/wp-content\/uploads\/2024\/03\/systemyprowizyjne.pl-1.png","width":579,"height":151,"caption":"Systemypremiowe.pl"},"image":{"@id":"https:\/\/systemypremiowe.pl\/#\/schema\/logo\/image\/"}}]}},"_links":{"self":[{"href":"https:\/\/systemypremiowe.pl\/index.php\/wp-json\/wp\/v2\/pages\/2550","targetHints":{"allow":["GET"]}}],"collection":[{"href":"https:\/\/systemypremiowe.pl\/index.php\/wp-json\/wp\/v2\/pages"}],"about":[{"href":"https:\/\/systemypremiowe.pl\/index.php\/wp-json\/wp\/v2\/types\/page"}],"author":[{"embeddable":true,"href":"https:\/\/systemypremiowe.pl\/index.php\/wp-json\/wp\/v2\/users\/1"}],"replies":[{"embeddable":true,"href":"https:\/\/systemypremiowe.pl\/index.php\/wp-json\/wp\/v2\/comments?post=2550"}],"version-history":[{"count":6,"href":"https:\/\/systemypremiowe.pl\/index.php\/wp-json\/wp\/v2\/pages\/2550\/revisions"}],"predecessor-version":[{"id":4719,"href":"https:\/\/systemypremiowe.pl\/index.php\/wp-json\/wp\/v2\/pages\/2550\/revisions\/4719"}],"wp:attachment":[{"href":"https:\/\/systemypremiowe.pl\/index.php\/wp-json\/wp\/v2\/media?parent=2550"}],"curies":[{"name":"wp","href":"https:\/\/api.w.org\/{rel}","templated":true}]}}